m + d = -4*p. What is the remainder when 1/(-7) - (-23 + 2439/(-21)) is divided by m?
34
Let r = 93 - 40. Let l = 149 - r. What is the remainder when l is divided by 49?
47
Let u be (-2)/8 - 39/(-12). Calculate the remainder when (2/u)/(((-16)/1236)/(-2)) is divided by 15.
13
Let m(o) be the first derivative of 2*o**3/3 + 27*o**2/2 + 31*o - 39. What is the remainder when 29 is divided by m(-13)?
11
Let g(c) be the second derivative of -11*c**3/3 - 5*c**2/2 - c. Suppose -15 = -3*f, 3*p + 5*f - 4 = 3*f. What is the remainder when g(p) is divided by 10?
9
Suppose -o + k + 3*k + 15 = 0, -2*k = o - 9. Let v(h) = 54*h**2 + h. Calculate the remainder when v(-1) is divided by o.
9
Suppose 2*k + 230 = 4*u, 2*u + 0*k + 2*k = 100. Calculate the remainder when 106 is divided by u.
51
Suppose -5*t + 72*t = 536. What is the remainder when 193 is divided by t?
1
Let k = 3 + 52. Suppose -3*u - 5*t + k = 0, -2*u + 30 = -0*t + 2*t. Calculate the remainder when 28 is divided by u.
8
Let w(r) = -2*r**3 + 24*r**2 + 2*r - 17. Let s be 25/5 - (-3 + 1). Let n = s + -3. What is the remainder when w(12) is divided by n?
3
Let h = -40 - -45. Suppose -g - 4*q = -2, -h*g + 4*q - 3 = -37. Calculate the remainder when 77 is divided by g.
5
Suppose -2*u - 621 = -11*u. Calculate the remainder when 153 is divided by (4 + -1)/(u/598).
23
Suppose 0 = 4*t - 20*t + 8400. Calculate the remainder when t is divided by 24.
21
Let i(b) = b**3 - 7*b**2 - 19*b - 29. Let t(p) = -29*p**3 - 2*p**2 - 2*p - 1. What is the remainder when i(10) is divided by t(-1)?
25
Suppose -15*p + 10*p - 3*m + 122 = 0, 4*p - 2*m - 102 = 0. What is the remainder when p is divided by (-282)/(-20) + (-14)/140?
11
Let f be (-34)/(-3)*3*(-6)/12. Let w = f + 42. What is the remainder when 49 is divided by w?
24
Let q = 3 - -2. Suppose i + 2*i = -5*x + 17, 5*x = -q*i + 25. Suppose 5*m = i*b - 16, 11 + 6 = b + 2*m. Calculate the remainder when 42 is divided by b.
6
Let f = -36 - -69. Let t be -3 + (2/4 - (-183)/6). Suppose 4*b - t - 8 = 0. What is the remainder when f is divided by b?
6
Let i(l) = -13*l - 60. What is the remainder when 87 is divided by i(-6)?
15
Suppose -20*p = 2342 - 2802. Let f(x) = x**3 - 5*x**2 + 7*x - 6. What is the remainder when p is divided by f(4)?
5
Let u = -96 + 96. Let q(i) = -12*i**3 - 3*i**2 + i + 2. What is the remainder when q(-2) is divided by (-1 + u)*(-20 + -9)?
26
Suppose 7*o - 10*o = -15. Suppose 100 = o*y + 3*r - 372, -y + 104 = 3*r. What is the remainder when y is divided by 2/3 - 165/(-9)?
16
Let c = 1 + -14. Let d = 36 + c. What is the remainder when 89 is divided by (-1)/(-2)*(d + 13)?
17
Let a(z) be the third derivative of -29*z**6/120 - z**3/6 + 5*z**2. Let g be a(-1). What is the remainder when 23 is divided by 360/g - 3/(-21)?
10
Let x be 678/(-9) + 2/6. Let v = x - -33. Let u = v + 60. Calculate the remainder when u is divided by 10.
8
Suppose -4*h + 4*p - 40 = 0, 0 - 4 = 2*p. Calculate the remainder when (-4)/(h/(-54) - (-44)/(-117)) is divided by 14.
12
Suppose 8*r - 4*r - 476 = 4*y, -5*r = 5*y - 605. What is the remainder when r is divided by 11?
10
Suppose 5*a + 3495 = 5*n, -4*n - a + 2524 = -267. What is the remainder when n is divided by 20?
18
Suppose -23*q + 40 = -13*q. Suppose 3*t + 0*i - 103 = 5*i, 5*t = -3*i + 217. What is the remainder when t is divided by q?
1
Suppose 4*q = -3*x - 15 - 3, 3*x + 5*q + 18 = 0. What is the remainder when (105/20)/(x/(-16)) is divided by 5?
4
Suppose 0 = -h - 5*g + 5, -h + 4*h + 3*g - 3 = 0. Let v(t) = -t**3 + t**2 - 2*t + 22. Calculate the remainder when 42 is divided by v(h).
20
Let j(c) = -119*c + 17. Let q be j(-2). Calculate the remainder when (q/12)/(1/4) is divided by 22.
19
Suppose 3*u + 38 + 44 = s, u + 72 = s. Suppose 4*o - 72 = o + 5*h, 3*h = -2*o + s. Calculate the remainder when 113 is divided by o.
26
Let v(l) = l**2 + 3*l + 1. Let z be v(-3). Let s = z + 37. Calculate the remainder when s is divided by 8.
6
Let y(i) = 3*i - 4. Let n be y(3). Suppose 0 = -3*u + u - 4, 2*d = -n*u + 22. What is the remainder when (-1)/((d/140)/(-4)) is divided by 18?
17
Let i(j) = j + 6. Let w be i(-6). Suppose p - 2*k = -5 + 11, w = 5*p - 2*k - 22. What is the remainder when (-1)/(-2)*p - -31 is divided by 12?
9
Let q = 235 + -199. What is the remainder when 63 is divided by q?
27
Let g(h) = 6*h**2 + 6*h - 45. Let r = -8 - -15. Calculate the remainder when g(-4) is divided by r.
6
Let k = 42 - 54. Suppose 3*y - c - 8 = -0*c, -5*c = -y + 12. What is the remainder when (-2)/4 - (5 + 102/k) is divided by y?
1
Let g(d) = 2*d**3 - 3*d + 5*d**2 + 7*d - 5 - d**3 + 6. What is the remainder when g(-3) is divided by ((-1)/(-2))/(1/10)?
2
Suppose 56*k = 52*k + 156. Calculate the remainder when 104 is divided by k.
26
Let g(s) = -s**3 - 2*s**2 + 19*s - 9. Let m be g(-9). Suppose -11*o + m = -2*o. Calculate the remainder when o is divided by 15.
13
Let j(m) = 8*m**3 + m**2 - 36*m + 71. What is the remainder when j(2) is divided by 6?
1
Let p = -8 + 9. Suppose -p = 4*v + 11. Let s(n) = -3*n - 3. Calculate the remainder when 22 is divided by s(v).
4
Let r = 13 - -23. Suppose r = 5*x - 194. Calculate the remainder when 137 is divided by x.
45
Let z be -2 + (-1)/(1/27*-3). Suppose z*r = r + 336. What is the remainder when r is divided by 20?
16
Let l be 4/22 - (779/(-11) - 0). Let i = -63 + l. Calculate the remainder when 39 is divided by i.
7
Let k(p) = -p**3 + p**2 - p + 1. Let i = 1 - 3. Calculate the remainder when 2/(0 - (0 + i)) is divided by k(0).
0
What is the remainder when 268 is divided by (11 - -1)*((-135)/30 - -7)?
28
Let g(r) = -19*r - 14. Let h be g(-11). Suppose -5*c + h = -3*u, -2*c - 39 = -3*c - u. What is the remainder when c is divided by 10?
9
Suppose -2*m = -3*x + 39, 4*x + 0*m - 2*m = 54. Let t be (42/12)/((-2)/(-8)). Calculate the remainder when (36/t)/((-2)/(-56)) is divided by x.
12
Suppose -3*j + 51 = 36. Suppose j*h - 88 = h. Calculate the remainder when 80 is divided by h.
14
Suppose 0*j = 4*j. Suppose j*n + 3*n = -87. Calculate the remainder when n/(0 + -3 + 2) is divided by 8.
5
Let c(q) = -2*q + 58. Calculate the remainder when c(-12) is divided by 12.
10
Let h = 66 - -80. Suppose z = -117 + h. Calculate the remainder when 83 is divided by z.
25
Suppose 51*k = 58*k - 182. What is the remainder when 207 is divided by k?
25
Let l(z) = 15*z**2 + 14*z - 8. Let t be l(-8). Suppose -t = -5*r - 9*r. Calculate the remainder when r is divided by 21.
18
Suppose 4*j = 3*b - 34, 3*b = 2*j + j + 30. Calculate the remainder when 77 is divided by b.
5
Calculate the remainder when 47*(14 - 0/(-5)) is divided by 110.
108
Let j(n) = 2*n**2 + 39*n + 57. What is the remainder when j(-20) is divided by 27?
23
Suppose -5*w - 1003 + 2858 = 0. What is the remainder when w is divided by 93?
92
Let r = 11 + 27. Suppose 3*m - 5*m = 6. Let i = m + r. Calculate the remainder when i is divided by 9.
8
Suppose 464*a + 2048 = 472*a. Calculate the remainder when a is divided by 37.
34
Suppose -3*c - 4*y + 57 = 0, -3 + 0 = -y. Calculate the remainder when 20 is divided by c.
5
Let m = -110 + 122. Calculate the remainder when 57 is divided by m.
9
Suppose 1730 - 6658 = -41*o - 23*o. Suppose 0*p - 80 = -4*p. Calculate the remainder when o is divided by p.
17
Let k(s) = -7*s**3 + 2*s + 1. Let f(n) = n**3 + 7*n**2 + 7*n + 5. Let m = 9 + -15. Let u be f(m). What is the remainder when 22 is divided by k(u)?
4
Let b(m) = -m**3 + 37*m**2 + 306*m - 3. What is the remainder when 254/6 - 5/15 is divided by b(-7)?
9
Let r = -1286 + 1351. What is the remainder when r is divided by 35?
30
Let v(a) = a**2 + 2*a - 1. What is the remainder when 113 is divided by v(-6)?
21
Suppose g = 4*u - 3*u + 293, 1171 = 4*g - 5*u. Calculate the remainder when g is divided by 37.
35
Let k(l) = l**3 - 9*l**2 + l - 7. Let n = 8 + -11. Let b(f) = -3*f. Let i be b(n). Calculate the remainder when 8 is divided by k(i).
0
Let k(j) = 6*j**2 - 11*j + 7. Suppose -24 = -0*c - 4*c. What is the remainder when k(c) is divided by 32?
29
Let s(j) = -j**3 + 6*j**2 + 10*j + 6. Suppose y - 13 = -17. Let w be s(y). What is the remainder when 44 is divided by w/8 + (-21)/28?
14
Let h = 26 + -24. Suppose -63 = -4*d + 5*u, -h*u = -3*d + d + 32. Calculate the remainder when d is divided by 5.
2
Su